t is the ten thousands digit of 106951?
0
What is the ten thousands digit of 316003?
1
What is the tens digit of 410196?
9
What is the hundred thousands digit of 18648120?
6
What is the thousands digit of 30842?
0
What is the units digit of 257168?
8
What is the thousands digit of 1945647?
5
What is the thousands digit of 21116492?
6
What is the hundreds digit of 184745?
7
What is the units digit of 1964784?
4
What is the units digit of 1288155?
5
What is the tens digit of 128044?
4
What is the hundreds digit of 365990?
9
What is the hundreds digit of 75479?
4
What is the millions digit of 5507478?
5
What is the hundred thousands digit of 2646545?
6
What is the hundred thousands digit of 140372?
1
What is the tens digit of 39001?
0
What is the hundred thousands digit of 1574686?
5
What is the thousands digit of 307772?
7
What is the hundreds digit of 294109?
1
What is the hundreds digit of 469745?
7
What is the ten thousands digit of 372057?
7
What is the thousands digit of 138125?
8
What is the tens digit of 303705?
0
What is the tens digit of 3683253?
5
What is the tens digit of 24157005?
0
What is the hundreds digit of 8319999?
9
What is the hundreds digit of 260328?
3
What is the hundred thousands digit of 2058685?
0
What is the millions digit of 2111845?
2
What is the thousands digit of 2626936?
6
What is the hundred thousands digit of 3601332?
6
What is the ten millions digit of 13202451?
1
What is the thousands digit of 263741?
3
What is the hundreds digit of 361793?
7
What is the hundreds digit of 921758?
7
What is the tens digit of 5212967?
6
What is the hundreds digit of 4538408?
4
What is the hundred thousands digit of 615994?
6
What is the hundreds digit of 2493717?
7
What is the units digit of 509090?
0
What is the thousands digit of 1449366?
9
What is the ten thousands digit of 216076?
1
What is the thousands digit of 503823?
3
What is the hundreds digit of 5060717?
7
What is the millions digit of 18271718?
8
What is the tens digit of 686987?
8
What is the units digit of 311030?
0
What is the tens digit of 989200?
0
What is the units digit of 112936?
6
What is the millions digit of 19874955?
9
What is the tens digit of 595401?
0
What is the ten thousands digit of 732123?
3
What is the tens digit of 20539444?
4
What is the units digit of 12086365?
5
What is the hundreds digit of 516721?
7
What is the hundred thousands digit of 1573965?
5
What is the hundred thousands digit of 1159395?
1
What is the tens digit of 1467394?
9
What is the hundreds digit of 28614929?
9
What is the thousands digit of 307357?
7
What is the thousands digit of 360449?
0
What is the millions digit of 2879400?
2
What is the hundred thousands digit of 1414194?
4
What is the tens digit of 1405083?
8
What is the hundreds digit of 3652?
6
What is the ten thousands digit of 3845803?
4
What is the hundreds digit of 8463931?
9
What is the ten thousands digit of 33986548?
8
What is the ten thousands digit of 2104127?
0
What is the millions digit of 1382247?
1
What is the hundreds digit of 116516?
5
What is the units digit of 1722628?
8
What is the hundred thousands digit of 18896195?
8
What is the thousands digit of 10394206?
4
What is the thousands digit of 121724?
1
What is the thousands digit of 1372551?
2
What is the ten thousands digit of 898098?
9
What is the units digit of 202238?
8
What is the ten thousands digit of 1080131?
8
What is the hundreds digit of 1184189?
1
What is the ten thousands digit of 13447290?
4
What is the hundred thousands digit of 747087?
7
What is the ten thousands digit of 101516?
0
What is the hundred thousands digit of 897188?
8
What is the tens digit of 1064875?
7
What is the hundreds digit of 12663442?
4
What is the ten thousands digit of 11884691?
8
What is the hundreds digit of 8397401?
4
What is the tens digit of 479477?
7
What is the ten thousands digit of 856165?
5
What is the units digit of 22437479?
9
What is the tens digit of 188926?
2
What is the ten millions digit of 29549010?
2
What is the hundreds digit of 177294?
2
What is the units digit of 12847680?
0
What is the thousands digit of 25888826?
8
What is the units digit of 401538?
8
What is the units digit of 13080101?
1
What is the hundreds digit of 519292?
2
What is the tens digit of 8488?
8
What is the units digit of 14400?
0
What is the tens digit of 3441106?
0
What is the thousands digit of 20694250?
4
What is the hundreds digit of 149572?
5
What is the tens digit of 12481222?
2
What is the hundreds digit of 210684?
6
What is the tens digit of 381362?
6
What is the millions digit of 2467522?
2
What is the tens digit of 1507370?
7
What is the tens digit of 7969200?
0
What is the hundreds digit of 5382951?
9
What is the ten thousands digit of 1532665?
3
What is the units digit of 1038503?
3
What is the tens digit of 1974413?
1
What is the ten thousands digit of 1476207?
7
What is the ten millions digit of 21474152?
2
What is the thousands digit of 224027?
4
What is the hundreds digit of 10149474?
4
What is the units digit of 1794978?
8
What is the hundred thousands digit of 133208?
1
What is the hundreds digit of 1065389?
3
What is the tens digit of 1256840?
4
What is the ten thousands digit of 38239781?
3
What is the hundreds digit of 34325814?
8
What is the hundreds digit of 7141549?
5
What is the ten thousands digit of 1084886?
8
What is the units digit of 1751379?
9
What is the thousands digit of 241093?
1
What is the ten millions digit of 17504450?
1
What is the thousands digit of 155069?
5
What is the hundreds digit of 27758377?
3
What is the thousands digit of 585428?
5
What is the ten thousands digit of 12523872?
2
What is the millions digit of 5989132?
5
What is the units digit of 12363475?
5
What is the units digit of 4712213?
3
What is the thousands digit of 209506?
9
What is the millions digit of 7742960?
7
What is the ten thousands digit of 1311751?
1
What is the ten thousands digit of 7587603?
8
What is the ten thousands digit of 7025549?
2
What is the tens digit of 1590128?
2
What is the units digit of 135152?
2
What is the tens digit of 1922197?
9
What is the ten thousands digit of 454297?
5
What is the tens digit of 218234?
3
What is the hundreds digit of 128501?
5
What is the hundreds digit of 4991585?
5
What is the units digit of 111397?
7
What is the units digit of 21817421?
1
What is the tens digit of 922721?
2
What is the ten thousands digit of 41208?
4
What is the tens digit of 207928?
2
What is the ten millions digit of 13165390?
1
What is the millions digit of 3170162?
3
What is the ten thousands digit of 23355422?
5
What is the thousands digit of 9753518?
3
What is the hundred thousands digit of 123942?
1
What is the thousands digit of 201401?
1
What is the units digit of 7777281?
1
What is the units digit of 259787?
7
What is the hundreds digit of 488877?
8
What is the tens digit of 1703589?
8
What is the ten thousands digit of 500548?
0
What is the ten millions digit of 18939180?
1
What is the units digit of 800550?
0
What is the ten thousands digit of 925065?
2
What is the units digit of 1880136?
6
What is the thousands digit of 22397232?
7
What is the hundred thousands digit of 1644883?
6
What is the ten thousands digit of 42264?
4
What is the hundred thousands digit of 571394?
5
What is the ten thousands digit of 315072?
1
What is the hundreds digit of 5867132?
1
What is the thousands digit of 991082?
1
What is the thousands digit of 337476?
7
What is the units digit of 6271548?
8
What is the hundred thousands digit of 3647862?
6
What is the tens digit of 2758684?
8
What is the millions digit of 43005141?
3
What is the millions digit of 33247460?
3
What is the hundred thousands digit of 5381112?
3
What is the hundreds digit of 1291982?
9
What is the thousands digit of 404529?
4
What is the thousands digit of 9314388?
4
What is the hundreds digit of 8842?
8
What is the hundreds digit of 5546621?
6
What is the thousands digit of 217546?
7
What is the thousands digit of 47618?
7
What is the hundreds digit of 201062?
0
What is the hundred thousands digit of 1097773?
0
What is the tens digit of 6113732?
3
What is the hundreds digit of 1661878?
8
What is the hundred thousands digit of 11053300?
0
What is the millions digit of 6041070?
6
